 -318 - -690. Let r = 727 - v. Is r prime?
False
Suppose -16 = -n + 15. Is n composite?
False
Suppose -2*d + 5*l = 6*l + 1503, -2*d - 1523 = 5*l. Let h = 1734 + d. Is h a composite number?
True
Let k(m) = -158*m - 1. Let b be k(-5). Suppose -b - 1007 = -4*s. Is s a composite number?
False
Suppose -5*i = -2*m - 185, 4*i - 2*m = 2*m + 148. Is i composite?
False
Suppose 442 = 2*t - a, t - a = 125 + 96. Is t a prime number?
False
Let x = 164 - -145. Is x a composite number?
True
Let u(m) = m**2 + m + 1. Let l be u(-2). Let n be ((-236)/(-6))/(1/l). Let f = n + -83. Is f a prime number?
False
Suppose 4 = 4*b, 6*n - n = b + 614. Is n composite?
True
Let v(t) = 7*t**2 - 7*t + 15. Let j(u) = -3*u - 8*u + 12 + 10 + 11*u**2. Let r(z) = -5*j(z) + 8*v(z). Is r(0) composite?
True
Let l(c) = 2*c**2 + 3*c - 1. Let p be l(2). Suppose 2*y + 6 = 0, -4*w - 2*y + y + p = 0. Suppose 0 = w*x - 228 + 96. Is x a prime number?
False
Suppose 2*q = 5*j - 2*q - 661, 0 = j + 2*q - 121. Is j composite?
True
Let z = -970 - -2663. Is z a composite number?
False
Is ((-72)/(-27))/4 + 3008/6 a composite number?
True
Let v be 2/(-3) + (-2480)/6. Let j = 721 + v. Is j composite?
False
Let w be 8 + -3 + 4/2. Suppose -w*c = -2*c. Suppose 2*y - 31 - 39 = c. Is y a prime number?
False
Let l(v) = 9*v**2 - 3*v + 4. Let k be l(4). Let g = 229 - k. Is g a composite number?
True
Let a(o) = o**3 + o. Let s(y) = -7*y**3 - 5*y**2 - 5*y - 3. Let z(j) = 4*a(j) + s(j). Is z(-4) a prime number?
True
Let h(q) = q**3 + 14*q**2 + 12*q - 11. Let g be h(-13). Suppose 5*c = 5*y + 630, 7*y - g*y - 386 = -3*c. Is c a composite number?
False
Let o = -1 + 3. Suppose -2*x = o*x - 380. Suppose 0*b + 5*b - x = 0. Is b a composite number?
False
Let n(k) = -k**3 + 7*k**2 + 9*k - 8. Let u be n(8). Let x be (1 + u)/(-1)*-24. Suppose t + 80 = i, x = i + 5*t - 38. Is i composite?
True
Suppose 172 = 2*o - 4*u, -5*u - 55 - 46 = -o. Suppose 4*x - 3*l - 17 = 0, 5 = 6*l - l. Suppose -x*q + o = -q. Is q a prime number?
True
Let d = 625 + -218. Is d a composite number?
True
Let o = 10 - -96. Is o a composite number?
True
Let o(q) = q + 471. Is o(0) prime?
False
Let z(w) = -w**2 - w + 407. Is z(0) prime?
False
Suppose 3*h + 5*b = -120, 2*h - 102 = 5*h - b. Let g = -15 + -41. Let i = h - g. Is i a prime number?
False
Let m(o) = 49*o - 3. Let n be m(6). Suppose -3*h - n = -6*h. Is h composite?
False
Let i = -1011 + 3544. Is i a prime number?
False
Suppose 4*r - 1088 = -5*l, -2*l = r + 2*l - 283. Let d = 42 - r. Let w = -160 - d. Is w prime?
False
Suppose 5*o = o + 260. Let y = 136 - o. Is y a composite number?
False
Is (1/2)/((-10)/(-44060)) composite?
False
Suppose 0 = d, 4*n + 2*d = 1731 + 209. Is n prime?
False
Let b(f) = 2*f + f**3 - 5*f**2 + 2 + 0*f - 9 + 2*f. Is b(6) composite?
False
Suppose 3*d = 2*d + 353. Suppose d = 2*n + 127. Is n a composite number?
False
Suppose -2*u - 1018 = -3444. Is u composite?
False
Let j(i) = 4*i**2 - 25*i - 58. Is j(19) composite?
False
Let p(f) = 13*f**2 + 15*f - 5. Is p(7) prime?
False
Suppose 0 = -5*w + 4*w. Let u(f) = f**3 + 7*f**2 + w*f**3 + 1 + 7*f - f. Is u(-5) a composite number?
True
Let j be (1/(-4))/((-2)/16). Is j - 2/(2/(-167)) a composite number?
True
Is (13/(-39))/((-2)/6942) prime?
False
Let g(x) = -x**3 - 2*x**2 - 3*x - 3. Is g(-3) prime?
False
Let l(m) = m**3 + 5*m**2 + 4*m - 1. Let p be l(-4). Let d(b) = 3*b - b - 9*b - 6*b. Is d(p) a composite number?
False
Let n = 7 - 4. Suppose -n*c - 5*j = -j - 155, -2*c - 2*j + 106 = 0. Is c composite?
True
Let d be -4*4/(-8)*2. Suppose 3*s - w = -0*s + 672, 0 = d*s - 4*w - 904. Is s a prime number?
True
Let i be 3*((-2)/6 - -1). Suppose -i*m = 2*m + 24. Is 9/(-3)*28/m a prime number?
False
Let m(o) = o**3 + 4*o**2 + o - 2. Let w be m(-3). Suppose -w*b = -b - 63. Let l = 40 - b. Is l composite?
False
Let z(i) = -i**3 - i**2 + i + 573. Is z(0) composite?
True
Let n(b) be the third derivative of -b**6/120 - 7*b**5/60 - 5*b**4/24 + 4*b**3/3 + 4*b**2. Let g be n(-6). Suppose 4*q - g*q = 194. Is q a composite number?
False
Let t = 1011 + 30. Is t composite?
True
Let z = -5 + 6. Is (-104)/(-16)*(35 - z) prime?
False
Suppose 191 = 2*c + 5*g, 5*c - 464 = 3*g - 2*g. Let p = c + -40. Is p prime?
True
Let t = -6 + 6. Suppose t*f = f - 3. Is f prime?
True
Suppose 6*v - 1115 = v. Is v composite?
False
Let j(t) = 9*t**2 + t - 1. Is j(6) composite?
True
Let b = -122 + 205. Is b prime?
True
Let v be 10/3*(-15)/(-2). Suppose -2*m + h = 2*h - 411, v = -5*h. Suppose 4*w - m = 12. Is w composite?
True
Let k(l) = 11*l**2 + 3*l - 7. Is k(-5) a prime number?
False
Suppose -3*l = -0*l - 609. Is l a composite number?
True
Let p = 63 - 25. Suppose o + 0*f + 53 = f, -p = o + 2*f. Let k = o - -71. Is k prime?
True
Suppose 3*w - 4*c = -4, -5*w + 24 + 16 = 5*c. Suppose r = -w*r + 5. Suppose 23 = z + r. Is z prime?
False
Let v(g) = -273*g - 23. Is v(-4) prime?
True
Is 734 + (10 - (1 - -4)) a composite number?
False
Let w(x) = -x**3 - 17*x**2 - 5*x - 20. Is w(-17) composite?
True
Let n = 794 + -180. Is n composite?
True
Let l be (0 - 5)*(-3)/5. Let d = -5 + 7. Suppose -l*u + 99 = 3*k, 2*u + 3*k = -d*k + 60. Is u prime?
False
Let p = 13 - -1. Let x be (5/(-10))/((-2)/(-32)). Let v = x + p. Is v prime?
False
Let y(s) = -3*s - 6. Let n be y(-4). Suppose z - 10 = n*z. Is ((-4)/12)/(z/1794) composite?
True
Let i be (-31)/3 + 2/6. Let c(n) = n**3 + 12*n**2 + 11*n + 1. Is c(i) a composite number?
True
Let o be 152/10 - 2/10. Is (-4)/(-10) + 549/o composite?
False
Let t = 9 + -5. Suppose -t*h + h + 327 = 0. Suppose 2*p - p = h. Is p composite?
False
Let b = 3 - -16. Suppose b = l - 0*l. Is l a composite number?
False
Let t = 1585 + -1112. Is t a composite number?
True
Suppose 2*b = -z + 42, -5*b - 2*z + 5*z + 83 = 0. Is b prime?
True
Let i = -969 - -1846. Is i a prime number?
True
Suppose -2*p - 4 = 0, 3*r - 2*r = -p + 14. Suppose 5 = 2*m - 5*c + r, m + 4*c - 14 = 0. Suppose f = m*f - 127. Is f a composite number?
False
Let u be (-1 + -1)/((-16)/280). Let s = u - -42. Suppose d + 4*z = s, -d + 47 = -0*z - 2*z. Is d composite?
True
Let l(q) = 13*q + 11. Is l(6) composite?
False
Let s be (-83)/4 + 12/16. Let w = 1 - s. Is w composite?
True
Let i(a) = -3*a**3 + a**2 - a - 4. Let g(o) = o - 7. Let k be g(5). Let f(m) = 10*m**3 - 2*m**2 + 2*m + 12. Let x(u) = k*f(u) - 7*i(u). Is x(3) a prime number?
True
Suppose b - 5*b + 24 = 0. Is (-567)/(-5) - b/15 a prime number?
True
Suppose -4*a + 365 = -3*a. Is a a prime number?
False
Let g(u) = 39*u**2 - 8*u - 11. Is g(-2) composite?
True
Let w = -591 - -988. Is w a prime number?
True
Suppose 0*i - 36 = 3*i. Is 39/i*(-27 + -1) prime?
False
Let o(u) = u**2 + u + 11. Let t be o(0). Let b(w) = 2*w**2 - 2*w - 15. Is b(t) a composite number?
True
Let h be 63*((-304)/12 + -2). Is ((-22)/33)/(4/h) a composite number?
True
Suppose -2*s = 0, 0*p - 2*p = -5*s - 6. Let l(b) = 133*b - 4. Let q be l(p). Let t = 586 - q. Is t a composite number?
False
Let b = 100 - 45. Is b composite?
True
Let h(m) = 3*m**2 + 5*m - 3. Is h(3) composite?
True
Let k be 2/(-4) + (-231)/14. Let c be 260/8 - (-1)/(-2). Let o = k + c. Is o a composite number?
True
Let m(y) = 2385*y - 7. Is m(4) a prime number?
True
Let u(q) = -q**3 - 9*q**2 - 12*q + 4. Let m be u(-9). Let z = m + -57. Is z prime?
False
Let f be 1/4 - 125/20. Is -381*((-2)/f)/(-1) a prime number?
True
Let d(k) = -k + 6. Let g be 5*(0 + 8/10). Let a be d(g). Is 1/(-2) + 23/a a prime number?
True
Let n(m) = -m**2 + m - 1. Let i be 4 + (-3)/((-9)/(-3)). Let z be n(i). Is 6/(-21) + (-261)/z composite?
False
Suppose 0 = -6*t + 4*t + 138. Suppose -5*x = -t - 176. Let w = x + -15. Is w a prime number?
False
Let f be (-1)/(-2*(-2)/(-20)). Suppose 3 = 3*i - 0*i, -f*l + 2*i = 2. Is 13*(1 + l/(-2)) prime?
True
Let b(v) = 6*v**2 + 5. Is b(5) a composite number?
True
Let k(w) = 11*w. Is k(2) prime?
False
Let c = 6 - 2. Is (c/(-6))/((-2)/663) composite?
True
Let m = 6 + -4. Suppose 0 = -2*n + 6 + m. Suppose n*v - 80 = -5*j + 331, -2*v + 87 = j. Is j a composite number?
False
Suppose -17*j = -14*j - 1605. Is j a prime number?
False
Let w(b) = b + 15. Let p be w(-7). Suppose 12 = 4*d + 5*x, -2*d - 4*x + p*x + 6 = 0. Suppose -78 = q - d*q + 2*k, 2*k + 2 = 0. Is q prime?
False
Let b(g) = -g**2 - 8*g - 1. Let j be 4/(